e number?
False
Is 118227 a prime number?
False
Is 134 composite?
True
Is 1002851 prime?
True
Is 4385 composite?
True
Is 128069 prime?
False
Is 34955 a composite number?
True
Is 43151 prime?
True
Is 156437 a composite number?
False
Is 69907 a composite number?
True
Is 320167 a composite number?
True
Is 94021 a prime number?
False
Is 3593 a prime number?
True
Is 345781 prime?
False
Is 20789 composite?
False
Is 730669 prime?
True
Is 17074 prime?
False
Is 22735 composite?
True
Is 25385 a composite number?
True
Is 338359 composite?
True
Is 578953 a composite number?
True
Is 435874 a prime number?
False
Is 2437 composite?
False
Is 6295 a prime number?
False
Is 451 composite?
True
Is 9533 prime?
True
Is 183457 a prime number?
False
Is 6121 composite?
False
Is 54109 a prime number?
False
Is 135021 a prime number?
False
Is 69899 prime?
True
Is 38251 a composite number?
True
Is 235 a composite number?
True
Is 213573 prime?
False
Is 39253 a composite number?
True
Is 59195 a composite number?
True
Is 312833 prime?
False
Is 1059241 composite?
True
Is 87177 a prime number?
False
Is 39821 a prime number?
True
Is 4039 a prime number?
False
Is 3491 a composite number?
False
Is 302009 prime?
True
Is 76321 a composite number?
True
Is 13619 a prime number?
True
Is 443605 composite?
True
Is 40159 composite?
True
Is 70351 composite?
False
Is 244367 composite?
False
Is 3899 composite?
True
Is 14591 composite?
False
Is 108181 a prime number?
False
Is 4367 a prime number?
False
Is 4667 a composite number?
True
Is 37738 a composite number?
True
Is 286133 a composite number?
True
Is 1883 a composite number?
True
Is 103261 a composite number?
True
Is 14137 a prime number?
False
Is 502097 a prime number?
False
Is 148327 composite?
True
Is 126409 composite?
True
Is 4381 prime?
False
Is 435773 a composite number?
True
Is 818801 a composite number?
True
Is 1600483 prime?
True
Is 802895 a prime number?
False
Is 31971 a composite number?
True
Is 2320471 a composite number?
False
Is 117179 composite?
True
Is 10883 composite?
False
Is 222731 prime?
True
Is 59647 prime?
False
Is 66687 prime?
False
Is 4337 a composite number?
False
Is 13549 prime?
False
Is 822277 a composite number?
False
Is 10247867 prime?
False
Is 3656069 composite?
False
Is 189509 prime?
True
Is 101041 prime?
False
Is 102761 composite?
False
Is 14435 composite?
True
Is 4621 a prime number?
True
Is 20143 composite?
False
Is 275047 a composite number?
False
Is 49991 prime?
True
Is 763099 composite?
True
Is 131557 prime?
False
Is 27127 prime?
True
Is 2269 a prime number?
True
Is 72061 a composite number?
True
Is 30509 composite?
False
Is 30089 a composite number?
False
Is 78041 a composite number?
False
Is 1989101 a prime number?
True
Is 2274251 a composite number?
True
Is 13517 a composite number?
True
Is 35251 a composite number?
False
Is 45641 a prime number?
True
Is 817273 prime?
True
Is 16243 a prime number?
False
Is 13099 composite?
False
Is 4903 prime?
True
Is 1941 composite?
True
Is 27787 a prime number?
False
Is 13513 prime?
True
Is 103399 a composite number?
False
Is 487 composite?
False
Is 30337 composite?
True
Is 1471843 a prime number?
False
Is 3763 a prime number?
False
Is 11549 a composite number?
False
Is 7831 composite?
True
Is 12313 composite?
True
Is 3151 a prime number?
False
Is 1472333 prime?
True
Is 769 a prime number?
True
Is 2741 composite?
False
Is 2081 a composite number?
False
Is 841979 prime?
True
Is 1580417 a composite number?
False
Is 13309 a prime number?
True
Is 61583 composite?
False
Is 74818 a composite number?
True
Is 430739 prime?
True
Is 8351 a prime number?
False
Is 3151 a prime number?
False
Is 22901 composite?
False
Is 673 a composite number?
False
Is 2843 a composite number?
False
Is 2104901 prime?
True
Is 1559 composite?
False
Is 317227 a composite number?
False
Is 1481 composite?
False
Is 23459 a prime number?
True
Is 185927 composite?
True
Is 91886 a prime number?
False
Is 3161 composite?
True
Is 5039 composite?
False
Is 2179565 composite?
True
Is 16477 composite?
False
Is 12373 prime?
True
Is 575359 prime?
True
Is 1322669 a prime number?
True
Is 1109705 a composite number?
True
Is 35974 prime?
False
Is 26309 a composite number?
False
Is 7621 a prime number?
True
Is 131837 a prime number?
True
Is 203563 a prime number?
True
Is 152257 composite?
True
Is 26659 a prime number?
False
Is 2613289 a prime number?
False
Is 5909 prime?
False
Is 12569 composite?
False
Is 85727 prime?
False
Is 5297 prime?
True
Is 33658 a composite number?
True
Is 1669 composite?
False
Is 19123 composite?
True
Is 12097 a composite number?
False
Is 22823 prime?
False
Is 243262 composite?
True
Is 3587 composite?
True
Is 3809 prime?
False
Is 31469 prime?
True
Is 405931 prime?
False
Is 414629 composite?
False
Is 126209 a composite number?
True
Is 2705 prime?
False
Is 9431 a composite number?
False
Is 185947 composite?
False
Is 11959 composite?
False
Is 769 prime?
True
Is 44705 a prime number?
False
Is 3083 prime?
True
Is 55831 prime?
False
Is 33717 a prime number?
False
Is 1046231 a prime number?
False
Is 24287 prime?
False
Is 412921 prime?
False
Is 484129 composite?
False
Is 10193 a composite number?
False
Is 832933 prime?
True
Is 107773 a composite number?
False
Is 80299 a prime number?
False
Is 81323 a composite number?
True
Is 92309 a composite number?
True
Is 35539 composite?
True
Is 996819 composite?
True
Is 458057 composite?
False
Is 30211 prime?
True
Is 509513 composite?
False
Is 13229 a composite number?
False
Is 38821 a prime number?
True
Is 95507 composite?
False
Is 559 a composite number?
True
Is 9529 a composite number?
True
Is 3431 composite?
True
Is 125797 prime?
False
Is 467 prime?
True
Is 15419 a prime number?
False
Is 529471 a composite number?
False
Is 298483 prime?
True
Is 277741 a composite number?
False
Is 27769 a prime number?
False
Is 33179 a prime number?
True
Is 1919197 a composite number?
True
Is 8542 a composite number?
True
Is 27601 a composite number?
True
Is 1523 composite?
False
Is 9289 a prime number?
False
Is 2329549 composite?
False
Is 145534 composite?
True
Is 24527 a composite number?
False
Is 2546174 composite?
True
Is 8779 a prime number?
True
Is 723623 a prime number?
True
Is 3011 composite?
False
Is 12695 a prime number?
False
Is 276949 prime?
True
Is 64417 a composite number?
True
Is 923 prime?
False
Is 37399 a prime number?
False
Is 190829 a prime number?
True
Is 51523 prime?
False
Is 1009 a composite number?
False
Is 29327 prime?
True
Is 334861 prime?
True
Is 23659 composite?
True
Is 21821 prime?
True
Is 1059 a prime number?
False
Is 5941 a composite number?
True
Is 227743 composite?
False
Is 574835 a composite number?
True
Is 13945 a composite number?
True
Is 1010194 composite?
True
Is 74699 a composite number?
False
Is 6371 a prime number?
False
Is 1996027 a composite number?
True
Is 132833 composite?
False
Is 8563 a prime number?
True
Is 4881 a composite number?
True
Is 6753 composite?
True
Is 13745 prime?
False
Is 415789 a composite number?
True
Is 78623 a prime number?
True
Is 6667 composite?
True
Is 851 a composite number?
True
Is 11617 a composite number?
False
Is 19571 composite?
False
Is 67 prime?
True
Is 753989 prime?
False
Is 2927 a composite number?
False
Is 14903 a prime number?
False
Is 1535 a prime number?
False
Is 2941 composite?
True
Is 1738997 a prime number?
False
Is 20993 composite?
True
Is 121823 a prime number?
False
Is 386923 a prime number?
False
Is 337177 a prime number?
False
Is 99079 a composite number?
False
Is 6521 a composite number?
False
Is 417217 a prime number?
True
Is 2309 a prime number?
True
Is 136943 composite?
False
Is 8851 a composite number?
True
Is 107009 a prime number?
False
Is 778331 a composite number?
True
Is 3867 a composite number?
True
Is 195785 prime?
False
Is 3670435 a composite number?
True
Is 90323 a composite number?
True
Is 156593 a prime number?
True
Is 20219 a composite number?
False
Is 1066999 prime?
True
Is 559 composite?
True
Is 33379 a composite number?
True
Is 103669 a prime number?
True
Is 8201 composite?
True
Is 128939 a composite number?
False
Is 500777 prime?
True
Is 9391 composite?
False
Is 162473 prime?
True
Is 140299 prime?
False
Is 983107 a prime number?
False
Is 31279 prime?
False
Is